{"id":317,"date":"2024-06-01T18:41:45","date_gmt":"2024-06-01T18:41:45","guid":{"rendered":"https:\/\/www.impactclimate.ca\/get-involved\/your-campus-your-planet-your-chance-to-win\/"},"modified":"2024-08-19T14:56:09","modified_gmt":"2024-08-19T14:56:09","slug":"defi-impact-climat","status":"publish","type":"page","link":"https:\/\/www.impactclimate.ca\/fr\/participez\/defi-impact-climat\/","title":{"rendered":"D\u00e9fi ImpAct-Climat"},"content":{"rendered":"<h2>Rejoignez un mouvement pancanadien engag\u00e9 en faveur de la durabilit\u00e9 et de l\u2019action climatique !<\/h2>\n<p class=\"lead\"><strong>Le d\u00e9fi ImpAct-Climat<\/strong> est une initiative pancanadienne de CICan qui unit la communaut\u00e9 des coll\u00e8ges et instituts autour de <strong><a href=\"https:\/\/sdgs.un.org\/fr\/goals\/goal13\" target=\"_blank\" rel=\"noopener\">l\u2019objectif de d\u00e9veloppement durable 13 des Nations Unies \u2013 Mesures relatives \u00e0 la lutte contre les changements climatiques<\/a><\/strong>. Il int\u00e8gre les savoirs autochtones, sensibilise aux gaz \u00e0 effet de serre et inspire des changements de comportement.<\/p>\n<p>L&rsquo;int\u00e9gration du d\u00e9fi dans vos cours peut am\u00e9liorer l&rsquo;apprentissage acad\u00e9mique, d\u00e9velopper une approche durable et offrir aux \u00e9tudiants et \u00e9tudiantes des moyens significatifs de faire la diff\u00e9rence.<\/p>\n<div class=\"boxit p-5 my-5\">\n<div class=\"row align-items-center\">\n<div class=\"col-12 col-md-auto\"><img decoding=\"async\" src=\"https:\/\/www.impactclimate.ca\/wp-content\/uploads\/2024\/06\/impactclimate-icon-didyouknow.png\" width=\"100\" \/><\/div>\n<div class=\"col-12 col-md\">\n<p class=\"lead\"><strong>93%<\/strong> des anciens participants et participantes ont dit avoir acquis de nouvelles connaissances gr\u00e2ce au d\u00e9fi et <strong>98 %<\/strong> ont adopt\u00e9 par la suite des pratiques durables dans leur vie quotidienne!<\/p>\n<\/div>\n<\/div>\n<\/div>\n<h2>Comment le d\u00e9fi fonctionne-t-il ?<\/h2>\n<div class=\"row\">\n<div class=\"col-sm-12 col-md-6\"><strong>P\u00e9riode de participation :<\/strong> Le d\u00e9fi se d\u00e9roule sur six semaines , chaque semaine \u00e9tant consacr\u00e9e \u00e0 diff\u00e9rents th\u00e8mes de durabilit\u00e9 : introduction aux changements climatiques, \u00e9nergie, alimentation, transport et d\u00e9chets. Chaque semaine pr\u00e9sente du contenu \u00e9ducatif et un d\u00e9fi.<\/p>\n<p><strong>Le contenu :<\/strong> Les participants et participantes re\u00e7oivent chaque semaine du contenu comprenant une vue d\u2019ensemble \u00e9ducative, des faits saillants, la d\u00e9mystification de mythes, des strat\u00e9gies pratiques pour r\u00e9duire les \u00e9missions et encore plus. Les perspectives autochtones sont int\u00e9gr\u00e9es tout au long. En outre, un jeu-questionnaire de 3 ou 4 questions (vrai ou faux) leur est propos\u00e9 pour tester leurs connaissances sur le th\u00e8me. <\/p>\n<p><strong>Le but du d\u00e9fi :<\/strong> Le d\u00e9fi invite les participants et participantes \u00e0 r\u00e9aliser une action modeste mais significative pour se sensibiliser et r\u00e9duire leurs \u00e9missions de gaz \u00e0 effet de serre, par exemple en mangeant plus de plats \u00e0 base de v\u00e9g\u00e9taux ou en n\u2019utilisant aucun plastique pendant la semaine.\n<\/div>\n<div class=\"col-sm-12 col-md-6\">\n<strong>Temps requis :<\/strong> Il faut environ 15 minutes chaque semaine pour lire le contenu \u00e9ducatif et r\u00e9pondre au questionnaire.<\/p>\n<p><strong>Reconnaissance :<\/strong> Les participants et participantes qui compl\u00e8tent les six semaines pourraient recevoir\u202f<strong>un badge num\u00e9rique pour leur profil LinkedIn<\/strong>, mettant en valeur leur engagement envers la gestion environnementale et am\u00e9liorant leur profil professionnel.\n<\/div>\n<\/div>\n<div class=\"row justify-content-center align-items-center border-top border-bottom my-5 p-5\">\n<div class=\"col-12 col-md-auto\"><iframe loading=\"lazy\" width=\"560\" height=\"315\" src=\"https:\/\/www.youtube.com\/embed\/jJBHyS2haUs?si=ChmT6nqEcv06PWfh\" title=\"YouTube video player\" frameborder=\"0\" allow=\"accelerometer; autoplay; clipboard-write; encrypted-media; gyroscope; picture-in-picture; web-share\" referrerpolicy=\"strict-origin-when-cross-origin\" allowfullscreen><\/iframe><\/div>\n<div class=\"col-12 col-md text-center\">\n<div class=\"px-5\">\n<img loading=\"lazy\" decoding=\"async\" src=\"https:\/\/www.impactclimate.ca\/wp-content\/uploads\/2024\/06\/impactclimate-icon-climatechallenge.png\" alt=\"\" width=\"50\" height=\"50\" class=\"alignnone size-full wp-image-344 mb-1\" srcset=\"https:\/\/www.impactclimate.ca\/wp-content\/uploads\/2024\/06\/impactclimate-icon-climatechallenge.png 200w, https:\/\/www.impactclimate.ca\/wp-content\/uploads\/2024\/06\/impactclimate-icon-climatechallenge-150x150.png 150w\" sizes=\"auto, (max-width: 50px) 100vw, 50px\" \/><\/p>\n<p class=\"lead mb-0\"><strong>Int\u00e9ress\u00e9 \u00e0 organiser le d\u00e9fi ?<\/strong> Il sera bient\u00f4t disponible en tant que ressource \u00e9ducative libre. Restez inform\u00e9 et soyez le premier \u00e0 savoir quand il sera disponible en vous abonnant \u00e0 notre <a href=\"https:\/\/analytics.clickdimensions.com\/collegesinstitutesca-aizmt\/pages\/d1vepiuee6nwanojiyhg.html?PageId=7aaf5f0fae98ee11be37000d3a323286\" target=\"_blank\" rel=\"noopener\">liste de diffusion<\/a>.<\/p>\n<\/div>\n<\/div>\n<\/div>\n<h2>Id\u00e9es pour l\u2019int\u00e9gration aux cours<\/h2>\n<p><strong>Travaux th\u00e9matiques :<\/strong> Axez les travaux en classe et les projets sur les th\u00e8mes du d\u00e9fi.<br \/>\n<strong>Cr\u00e9dit de participation :<\/strong> Encouragez vos \u00e9tudiants et \u00e9tudiantes en leur offrant des cr\u00e9dits de cours ou des cr\u00e9dits suppl\u00e9mentaires pour leur participation active au d\u00e9fi.<br \/>\n<strong>Projets de r\u00e9flexion :<\/strong> Utilisez le d\u00e9fi comme base de projets de r\u00e9daction ou de r\u00e9flexion sur les changements climatiques.<\/p>\n<div class=\"boxit my-5 p-5\">\n<div class=\"row align-items-center\">\n<div class=\"col-sm-12 col-md-9 order-sm-2 order-lg-1 d-flex flex-column\">\n<h3 class=\"mb-3\">\u00c9tude de cas \u2013 Confederation College<\/h3>\n<p><strong>Brett Sharman<\/strong>, enseignant de commerce au <strong><a href=\"https:\/\/www.confederationcollege.ca\/\" target=\"_blank\" rel=\"noopener\">Confederation College<\/a><\/strong>, a r\u00e9ussi \u00e0 int\u00e9grer le d\u00e9fi dans son cours sur <strong><em>la durabilit\u00e9 et l\u2019\u00e9thique des entreprises<\/em><\/strong>. Ses \u00e9tudiants et \u00e9tudiantes ont obtenu des notes de participation pour avoir pris part aux d\u00e9fis hebdomadaires et r\u00e9dig\u00e9 des r\u00e9flexions sur ce qu\u2019ils ont appris et l\u2019impact du d\u00e9fi sur leur comportement. Pour leur projet final, ils ont fait une analyse d\u00e9taill\u00e9e et mont\u00e9 une pr\u00e9sentation sur l\u2019efficacit\u00e9 du d\u00e9fi, et propos\u00e9 des suggestions d\u2019am\u00e9lioration. Ce projet a non seulement permis aux \u00e9tudiants et \u00e9tudiantes d\u2019analyser une campagne de marketing r\u00e9elle, mais il leur a \u00e9galement permis de cultiver une compr\u00e9hension plus approfondie des enjeux environnementaux et les a inspir\u00e9s \u00e0 prendre des mesures concr\u00e8tes pour un avenir plus durable.\n<\/div>\n<div class=\"col-sm-12 col-md-3 order-sm-1 order-lg-2 text-lg-end text-sm-center mb-sm-4\"><a href=\"https:\/\/www.confederationcollege.ca\/\" target=\"_blank\" rel=\"noopener\"><img loading=\"lazy\" decoding=\"async\" src=\"https:\/\/www.impactclimate.ca\/wp-content\/uploads\/2024\/07\/confederation-college-logo-300x98.png\" alt=\"\" width=\"300\" height=\"98\" class=\"alignnone size-medium wp-image-532\" srcset=\"https:\/\/www.impactclimate.ca\/wp-content\/uploads\/2024\/07\/confederation-college-logo-300x98.png 300w, https:\/\/www.impactclimate.ca\/wp-content\/uploads\/2024\/07\/confederation-college-logo-1024x334.png 1024w, https:\/\/www.impactclimate.ca\/wp-content\/uploads\/2024\/07\/confederation-college-logo-768x250.png 768w, https:\/\/www.impactclimate.ca\/wp-content\/uploads\/2024\/07\/confederation-college-logo.png 1300w\" sizes=\"auto, (max-width: 300px) 100vw, 300px\" \/><\/a><\/div>\n<\/div>\n<\/div>\n<h2>Encouragez le d\u00e9veloppement durable avec nous!<\/h2>\n<p><strong>Le d\u00e9fi ImpAct-Climat<\/strong> est l\u2019occasion de nous unir en tant que communaut\u00e9 nationale des coll\u00e8ges et instituts pour lutter contre les changements climatiques. En int\u00e9grant le d\u00e9fi dans votre approche p\u00e9dagogique, vous favorisez l\u2019engagement des \u00e9tudiants et \u00e9tudiantes ainsi que la gestion environnementale parmi la prochaine g\u00e9n\u00e9ration de leaders.<\/p>\n<p>Pour de plus amples renseignements, \u00e9crivez-nous \u00e0 <a href=\"mailto:impact@cican.org \">impact@cican.org<\/a><\/p>\n","protected":false},"excerpt":{"rendered":"<p>Rejoignez un mouvement pancanadien engag\u00e9 en faveur de la durabilit\u00e9 et de l\u2019action climatique ! Le d\u00e9fi ImpAct-Climat est une initiative pancanadienne de CICan qui unit la communaut\u00e9 des coll\u00e8ges et instituts autour de l\u2019objectif de d\u00e9veloppement durable 13 des Nations Unies \u2013 Mesures relatives \u00e0 la lutte contre les changements climatiques. Il int\u00e8gre les [&hellip;]<\/p>\n","protected":false},"author":1,"featured_media":164,"parent":53,"menu_order":0,"comment_status":"closed","ping_status":"closed","template":"","meta":{"_acf_changed":false,"footnotes":""},"class_list":["post-317","page","type-page","status-publish","has-post-thumbnail","hentry"],"acf":[],"_links":{"self":[{"href":"https:\/\/www.impactclimate.ca\/fr\/wp-json\/wp\/v2\/pages\/317","targetHints":{"allow":["GET"]}}],"collection":[{"href":"https:\/\/www.impactclimate.ca\/fr\/wp-json\/wp\/v2\/pages"}],"about":[{"href":"https:\/\/www.impactclimate.ca\/fr\/wp-json\/wp\/v2\/types\/page"}],"author":[{"embeddable":true,"href":"https:\/\/www.impactclimate.ca\/fr\/wp-json\/wp\/v2\/users\/1"}],"replies":[{"embeddable":true,"href":"https:\/\/www.impactclimate.ca\/fr\/wp-json\/wp\/v2\/comments?post=317"}],"version-history":[{"count":0,"href":"https:\/\/www.impactclimate.ca\/fr\/wp-json\/wp\/v2\/pages\/317\/revisions"}],"up":[{"embeddable":true,"href":"https:\/\/www.impactclimate.ca\/fr\/wp-json\/wp\/v2\/pages\/53"}],"wp:featuredmedia":[{"embeddable":true,"href":"https:\/\/www.impactclimate.ca\/fr\/wp-json\/wp\/v2\/media\/164"}],"wp:attachment":[{"href":"https:\/\/www.impactclimate.ca\/fr\/wp-json\/wp\/v2\/media?parent=317"}],"curies":[{"name":"wp","href":"https:\/\/api.w.org\/{rel}","templated":true}]}}

Défi ImpAct-Climat

<h2>Rejoignez un mouvement pancanadien engagé en faveur de la durabilité et de l’action climatique !</h2>
<p class="lead"><strong>Le défi ImpAct-Climat</strong> est une initiative pancanadienne de CICan qui unit la communauté des collèges et instituts autour de <strong><a href="https://sdgs.un.org/fr/goals/goal13" target="_blank" rel="noopener">l’objectif de développement durable 13 des Nations Unies – Mesures relatives à la lutte contre les changements climatiques</a></strong>. Il intègre les savoirs autochtones, sensibilise aux gaz à effet de serre et inspire des changements de comportement.</p>
<p>L&rsquo;intégration du défi dans vos cours peut améliorer l&rsquo;apprentissage académique, développer une approche durable et offrir aux étudiants et étudiantes des moyens significatifs de faire la différence.</p>
<div class="boxit p-5 my-5">
<div class="row align-items-center">
<div class="col-12 col-md-auto"><img decoding="async" src="https://www.impactclimate.ca/wp-content/uploads/2024/06/impactclimate-icon-didyouknow.png" width="100" /></div>
<div class="col-12 col-md">
<p class="lead"><strong>93%</strong> des anciens participants et participantes ont dit avoir acquis de nouvelles connaissances grâce au défi et <strong>98 %</strong> ont adopté par la suite des pratiques durables dans leur vie quotidienne!</p>
</div>
</div>
</div>
<h2>Comment le défi fonctionne-t-il ?</h2>
<div class="row">
<div class="col-sm-12 col-md-6"><strong>Période de participation :</strong> Le défi se déroule sur six semaines , chaque semaine étant consacrée à différents thèmes de durabilité : introduction aux changements climatiques, énergie, alimentation, transport et déchets. Chaque semaine présente du contenu éducatif et un défi.</p>
<p><strong>Le contenu :</strong> Les participants et participantes reçoivent chaque semaine du contenu comprenant une vue d’ensemble éducative, des faits saillants, la démystification de mythes, des stratégies pratiques pour réduire les émissions et encore plus. Les perspectives autochtones sont intégrées tout au long. En outre, un jeu-questionnaire de 3 ou 4 questions (vrai ou faux) leur est proposé pour tester leurs connaissances sur le thème. </p>
<p><strong>Le but du défi :</strong> Le défi invite les participants et participantes à réaliser une action modeste mais significative pour se sensibiliser et réduire leurs émissions de gaz à effet de serre, par exemple en mangeant plus de plats à base de végétaux ou en n’utilisant aucun plastique pendant la semaine.
</div>
<div class="col-sm-12 col-md-6">
<strong>Temps requis :</strong> Il faut environ 15 minutes chaque semaine pour lire le contenu éducatif et répondre au questionnaire.</p>
<p><strong>Reconnaissance :</strong> Les participants et participantes qui complètent les six semaines pourraient recevoir <strong>un badge numérique pour leur profil LinkedIn</strong>, mettant en valeur leur engagement envers la gestion environnementale et améliorant leur profil professionnel.
</div>
</div>
<div class="row justify-content-center align-items-center border-top border-bottom my-5 p-5">
<div class="col-12 col-md-auto"><iframe loading="lazy" width="560" height="315" src="https://www.youtube.com/embed/jJBHyS2haUs?si=ChmT6nqEcv06PWfh" title="YouTube video player" frameborder="0" allow="accelerometer; autoplay; clipboard-write; encrypted-media; gyroscope; picture-in-picture; web-share" referrerpolicy="strict-origin-when-cross-origin" allowfullscreen></iframe></div>
<div class="col-12 col-md text-center">
<div class="px-5">
<img loading="lazy" decoding="async" src="https://www.impactclimate.ca/wp-content/uploads/2024/06/impactclimate-icon-climatechallenge.png" alt="" width="50" height="50" class="alignnone size-full wp-image-344 mb-1" srcset="https://www.impactclimate.ca/wp-content/uploads/2024/06/impactclimate-icon-climatechallenge.png 200w, https://www.impactclimate.ca/wp-content/uploads/2024/06/impactclimate-icon-climatechallenge-150x150.png 150w" sizes="auto, (max-width: 50px) 100vw, 50px" /></p>
<p class="lead mb-0"><strong>Intéressé à organiser le défi ?</strong> Il sera bientôt disponible en tant que ressource éducative libre. Restez informé et soyez le premier à savoir quand il sera disponible en vous abonnant à notre <a href="https://analytics.clickdimensions.com/collegesinstitutesca-aizmt/pages/d1vepiuee6nwanojiyhg.html?PageId=7aaf5f0fae98ee11be37000d3a323286" target="_blank" rel="noopener">liste de diffusion</a>.</p>
</div>
</div>
</div>
<h2>Idées pour l’intégration aux cours</h2>
<p><strong>Travaux thématiques :</strong> Axez les travaux en classe et les projets sur les thèmes du défi.<br />
<strong>Crédit de participation :</strong> Encouragez vos étudiants et étudiantes en leur offrant des crédits de cours ou des crédits supplémentaires pour leur participation active au défi.<br />
<strong>Projets de réflexion :</strong> Utilisez le défi comme base de projets de rédaction ou de réflexion sur les changements climatiques.</p>
<div class="boxit my-5 p-5">
<div class="row align-items-center">
<div class="col-sm-12 col-md-9 order-sm-2 order-lg-1 d-flex flex-column">
<h3 class="mb-3">Étude de cas – Confederation College</h3>
<p><strong>Brett Sharman</strong>, enseignant de commerce au <strong><a href="https://www.confederationcollege.ca/" target="_blank" rel="noopener">Confederation College</a></strong>, a réussi à intégrer le défi dans son cours sur <strong><em>la durabilité et l’éthique des entreprises</em></strong>. Ses étudiants et étudiantes ont obtenu des notes de participation pour avoir pris part aux défis hebdomadaires et rédigé des réflexions sur ce qu’ils ont appris et l’impact du défi sur leur comportement. Pour leur projet final, ils ont fait une analyse détaillée et monté une présentation sur l’efficacité du défi, et proposé des suggestions d’amélioration. Ce projet a non seulement permis aux étudiants et étudiantes d’analyser une campagne de marketing réelle, mais il leur a également permis de cultiver une compréhension plus approfondie des enjeux environnementaux et les a inspirés à prendre des mesures concrètes pour un avenir plus durable.
</div>
<div class="col-sm-12 col-md-3 order-sm-1 order-lg-2 text-lg-end text-sm-center mb-sm-4"><a href="https://www.confederationcollege.ca/" target="_blank" rel="noopener"><img loading="lazy" decoding="async" src="https://www.impactclimate.ca/wp-content/uploads/2024/07/confederation-college-logo-300x98.png" alt="" width="300" height="98" class="alignnone size-medium wp-image-532" srcset="https://www.impactclimate.ca/wp-content/uploads/2024/07/confederation-college-logo-300x98.png 300w, https://www.impactclimate.ca/wp-content/uploads/2024/07/confederation-college-logo-1024x334.png 1024w, https://www.impactclimate.ca/wp-content/uploads/2024/07/confederation-college-logo-768x250.png 768w, https://www.impactclimate.ca/wp-content/uploads/2024/07/confederation-college-logo.png 1300w" sizes="auto, (max-width: 300px) 100vw, 300px" /></a></div>
</div>
</div>
<h2>Encouragez le développement durable avec nous!</h2>
<p><strong>Le défi ImpAct-Climat</strong> est l’occasion de nous unir en tant que communauté nationale des collèges et instituts pour lutter contre les changements climatiques. En intégrant le défi dans votre approche pédagogique, vous favorisez l’engagement des étudiants et étudiantes ainsi que la gestion environnementale parmi la prochaine génération de leaders.</p>
<p>Pour de plus amples renseignements, écrivez-nous à <a href="mailto:impact@cican.org ">impact@cican.org</a></p>

<p>Rejoignez un mouvement pancanadien engagé en faveur de la durabilité et de l’action climatique ! Le défi ImpAct-Climat est une initiative pancanadienne de CICan qui unit la communauté des collèges et instituts autour de l’objectif de développement durable 13 des Nations Unies – Mesures relatives à la lutte contre les changements climatiques. Il intègre les [&hellip;]</p>
